w = -12*w. Suppose w = -10*f + 26 + 14. Let b(u) = 25*u**3 + 2*u**2 + 8*u - 15. Is b(f) a composite number?
True
Suppose -2*w = 3*w + 20. Let g be ((-168)/98)/(w/7602). Let c = 4607 - g. Is c prime?
False
Suppose 4*j - 3 = 5*j. Let b be j/((-4)/(-16)*-3). Suppose -b*m + 1641 = -3*p, 0 = m - 3*p - 33 - 375. Is m a prime number?
False
Suppose -5*m - 111878 + 6713 = 5*c, -4*c - 2*m = 84138. Let j = c + 30605. Is j a composite number?
True
Let c be (-746)/10 - 12/30. Is (c/(-10) - 7)*(1 + 16993) a composite number?
True
Suppose 9*r - 95 + 14 = 0. Suppose 0 = 3*s - r. Suppose -p - 7*d + 1624 = -2*d, d = -s*p + 4914. Is p prime?
False
Let w(g) = -g**3 - 25*g**2 + 24*g - 52. Let p be w(-26). Suppose -2*z + 9284 = 13*o - 10*o, 5*o + 5*z - 15465 = p. Is o prime?
False
Let p(l) = 6*l**2 + 30*l - 10. Let m be p(9). Suppose 2*u + 5*c = 2*c + m, -3*u = c - 1119. Is u prime?
True
Suppose 0 = 16*q + 186*q - 69228218 - 21422312. Is q prime?
False
Suppose -17745 = 5*j - 320785. Let q be (-4)/12 - j/(-6) - 1. Is -4 + q/8 - (-2)/4 a prime number?
True
Let w = 715 - 820. Is (4 + -1)/(w/(-1360205)) a prime number?
False
Let y = -86694 + 133661. Is y composite?
True
Let n(f) = 51*f**2 - 4*f - 44. Let u be n(-5). Let w = 2870 - u. Is w composite?
False
Let a(y) = 6*y + 108. Let p be a(-18). Suppose 8*w - 28099 - 26341 = p. Is w a composite number?
True
Suppose 0 = -2*a - 4*r - 70, 0*a = -4*a + 5*r - 153. Let d = a + 42. Suppose -5*w = -3*z - 0*z - 1001, -d*w + 2*z + 999 = 0. Is w composite?
False
Let h be (-5)/((-25)/28) + 21/(-35). Suppose -2*t - t + h*z + 4814 = 0, -5*t - 4*z = -7974. Suppose 0 = 7*a - t - 621. Is a composite?
False
Let b(w) = 4*w**2 + 6*w + 12. Let a(j) = -j**2 - 3*j**2 - 3 - 9 - 5*j. Let g(v) = 5*a(v) + 6*b(v). Is g(-9) a prime number?
False
Let o = -352 - -355. Let h(q) = 368*q**2 + q - 16. Is h(o) composite?
False
Let q be (265/106)/(5/124). Suppose -2*k = -q*k + 116220. Is k composite?
True
Let q = -14 + 19. Suppose q*h - 4*a = 1631, -4*a = -8*h + 4*h + 1308. Suppose 5*p = 6*p - h. Is p prime?
False
Let t = 18 + -16. Let m be (t - (2 + -4)) + 153. Suppose 146*u - m = 145*u. Is u composite?
False
Let u = 748 + -720. Let b = u + 493. Is b a composite number?
False
Suppose -58 = -99*u + 70*u. Suppose -3*k - 218599 = -5*r, -5*r + 2*k - 4*k = -218584. Is u/(44/r) - (-4)/(-22) a composite number?
False
Suppose 3*h - 33 = -3*v, 2*h - v = 4*h - 17. Let z(k) = h + 3 - 151*k - 160*k. Is z(-4) a prime number?
False
Let r(u) = 335*u + 2. Let p be 126/15 + 6/10. Let j be (p/6)/(2/4). Is r(j) a prime number?
False
Suppose 0 = 3*s - 0*s - x - 6445, -5*x = -4*s + 8597. Suppose -6*y = -2*y - s. Let z = -302 + y. Is z composite?
True
Suppose 3*s = -5*i + 135, -s + 37 + 15 = 4*i. Suppose s*j - 27*j - 54301 = 0. Is j a composite number?
False
Let h = 460 + -1861. Let d = -650 - h. Is d composite?
False
Let r = 3864234 + -2001853. Is r a prime number?
True
Suppose 0 = 3*c + p + 23, 0 = 4*c + 2*p + 34. Let b(i) = -788*i - 11. Is b(c) a prime number?
False
Let j be (-324)/3*(35/7 - 4)*-6. Let h be (-970)/8 - (-2)/8. Let x = j - h. Is x a prime number?
True
Let w = 1763308 + -563039. Is w prime?
False
Let o = -190595 + 290667. Suppose 19*c - o = 37659. Is c a composite number?
True
Suppose 0 = 4*c, 0*c = 5*o - 5*c - 125. Let u = o - 22. Suppose 0 = 5*m - 5*p - 4455, 7*m - 3528 = u*m - 5*p. Is m a composite number?
False
Suppose -8*h + 1469 + 2883 = 0. Let t be 6/(-8) - 52308/(-48). Suppose -s + h = -t. Is s a prime number?
False
Suppose -4*p = 20*p - 237720. Suppose -11420 = -25*d + p. Is d composite?
False
Let g(k) = 4*k**2 + 34*k - 35. Let m be g(-9). Let p(f) = -350*f - 39. Is p(m) composite?
True
Let y(u) = -u**3 + 12*u**2 + 3. Let d(g) = -g**2 + 7*g + 6. Let h be d(6). Let w be y(h). Suppose -5*j + 2152 = w*j. Is j a composite number?
False
Suppose -q + 11 = 3*h, 0 = -4*h + 6*q - 7*q + 16. Is 3 + h/(20/1504) prime?
True
Let z = -36471 - -232160. Is z a composite number?
True
Let m = -10840 + 19297. Is m prime?
False
Let o(k) = 198*k**2 - k + 36. Suppose i = -3, 3*r + 3*i = 5*i + 21. Is o(r) a composite number?
True
Let t be 2/9 - 3010/(-630). Suppose t*j = 5*l + 25175, -4*j - l = 2*l - 20168. Is j a composite number?
False
Suppose 15*a - a - 98 = 0. Let x = a + 16. Let f = x + -8. Is f prime?
False
Suppose -392*x + 80 = -391*x. Suppose 77*h = x*h - 8949. Is h prime?
False
Let x(b) = 5*b**2 + 25*b + 1. Let i = 49 + -60. Let o be x(i). Is o/(-2)*(-2)/1 prime?
True
Let s(t) = -t**3 - 4*t**2 - 2*t - 8. Let i be s(-4). Suppose -l - 72 + 357 = i. Suppose 5*u + l - 1870 = 0. Is u a prime number?
True
Let u = -15784 + 32085. Is u a composite number?
False
Suppose 0 = -18*z + 98906 + 253048. Is z a prime number?
True
Suppose g + 11640 = 5*m, 0*g - 5 = -g. Suppose -2*b + 423 = -m. Suppose 0 = 6*z - b - 2122. Is z a prime number?
False
Suppose -18 = -3*p - 5*h + 2*h, 6 = -2*p + 4*h. Suppose -z - p*d + 8245 = 4*z, 3*d + 15 = 0. Suppose o - z = -3*o. Is o prime?
False
Let x(j) = -300*j**2 + 10*j + 5. Let l(w) = -902*w**2 + 30*w + 14. Let s(m) = 2*l(m) - 7*x(m). Is s(6) a composite number?
False
Let n = 77600 - -130923. Is n prime?
False
Let o = -14224 - -39003. Suppose 4*f - 2*y = y + o, -4*f = 3*y - 24797. Is f a composite number?
False
Let b = -258588 + 545907. Is b prime?
False
Suppose h - 748478 = 3*j, -3*h - 4*h = -j - 5239206. Is h prime?
False
Suppose a = -2*w - a - 90, 4*w + 3*a = -182. Let v = 584 - w. Is v prime?
True
Is -162933*(-14 - -3)*(4 + (-33)/9) a prime number?
False
Suppose 1477*d - 1575*d + 45780014 = 0. Is d a prime number?
False
Let s = 767351 + -377692. Is s composite?
False
Suppose -355 = 2*o - 5*t, -4*o - 43 = 3*t + 680. Is ((-10532)/10)/(-6*(-6)/o) prime?
False
Let y = -78 + 80. Is (y/(-6))/((-2)/3246) prime?
True
Is -4 + (48/(-16) - -77760) a prime number?
False
Let j(z) = -z + 2*z**2 - 11*z - 7 - 3*z**2. Let f be j(-11). Suppose -2*w = 5*d - 751, f*d - 4*w = -7*w + 605. Is d prime?
True
Suppose 0 = 9*q - 69 - 57. Let l(h) = -h**3 + 38*h**2 - 70*h - 11. Is l(q) a prime number?
False
Let b = 71 + -63. Let g(j) = 317*j + 43. Is g(b) prime?
True
Let g(u) = 97248*u**2 + 7*u - 15. Is g(2) composite?
False
Let a = 30 + -25. Suppose -g + a*j = 333, 2*g - 5*j + 125 + 536 = 0. Let p = g + 577. Is p prime?
False
Let x(y) be the first derivative of -y**2/2 + 13*y + 1. Let h be x(7). Let o(n) = 92*n - 1. Is o(h) prime?
False
Is -1*(-5608 - 7) + -6 a composite number?
True
Let m(b) be the second derivative of -b**4/12 - 7*b**3/6 - 5*b**2 + 16*b. Let x be m(-3). Suppose x*v = h + 1932, 4*h = 4*v - 354 - 3506. Is v composite?
False
Let z(l) = -l**3 + 99*l**2 + 283*l - 368. Is z(85) a composite number?
True
Suppose 4*a + 7 = -2*t + 3, 0 = 5*a + t - 1. Let j be (4 + a)*1/(-1). Let c(w) = 6*w**2 - 4*w + 9. Is c(j) a prime number?
True
Let i = -81 - -24. Let z = -69 - i. Is (-7)/(-28) + (-14085)/z + 0 prime?
False
Let s(z) = -z**3 - 6*z**2 - 9*z - 8. Let t be s(-3). Is ((-4)/t)/((-1)/(-1746)) + -4 a prime number?
False
Is 45456 + ((-28)/(-12))/(3/(-9)) a prime number?
False
Let z = 321693 + -133444. Is z prime?
True
Suppose 0 = -4*f - 3*l + 43987, 2*f + 3*l + 4127 - 26116 = 0. Is f a prime number?
False
Let a be -19*6/(-22) - 28/154. Suppose -a*u + 4519 = -2076. Is u a prime number?
True
Let q = -70 - -71. Let x(m) = 3 + q + 32*m - 5 - 76*m. Is x(-2) composite?
True
Let z be 4/6 - (-7)/3. Is 3/z*5890/10 composite?
True
Let s(u) = 30*u**2 + 55*u - 203. Is s(-30) composite?
False
Let a(n) = n - 4. Let j be a(7). Let f = 0 + j. Is -3 - -37*24 - (-5 + f) a composite number?
False
Let y = -45197 - -135928. Is y a composite number?
False
Let u(a) = -11*a**2 + 7*a + 8. Let d(q) = -11*q**2 + 8*q + 7. Let l(b) = 4*d(b) - 5*u(b). Let k be l(4). Let c = k - 43. Is c composite?
False
Suppose 5*v + 14*v - 505861 = 693096. Is v a composite number?
False
Let n be -3 + (-210)/(-66) + 84/22. Suppose 16 = n*z, z = -5*s - 1859 + 8078. Is s composite?
True
Let d = -56 - -53. Let w(l) = 446*l**2 + 12*l + 11. Is w(d) a prime number?
True
Suppose -2381681 = 227*c - 239*c - 741437. Is c composite?
True
Let i = 285343 + -145452. Is i prime?
True
Is ((-1)/3)/((-184)/146754168) prime?
False
Let f(g) = 848*g**2 + 6*g + 221. Is f(-12) composite?
True
Let m = 49974 - 34097. Is m composite?
